et j = 381 - 199. What is the highest common divisor of j and y?
26
Let h(u) = u**2 + 6*u - 6. Let w be h(-9). Suppose 3*k = 12, 8 = -10*i + 11*i - k. Calculate the greatest common factor of i and w.
3
Let z = -7255 + 7301. Let l = 243 + -36. Calculate the greatest common divisor of z and l.
23
Suppose 4*v + 3*r + r = -468, 3*r - 224 = 2*v. Let o(y) = -3*y**2 - 27*y - 10. Let s be o(-11). Let h = s - v. Calculate the highest common factor of 13 and h.
13
Suppose -666*o - 6195 = -725*o. What is the greatest common divisor of 280 and o?
35
Let c be (-24 - -19) + (1713/9 - (-2)/3). Calculate the greatest common divisor of c and 155.
31
Let u(z) = z**2. Let k(f) = -8*f**2 - 17*f - 17. Let a(i) = k(i) + 6*u(i). Let x be a(-5). What is the greatest common factor of 102 and x?
6
Let b = 1149 + -1142. Suppose -6*o = -o - 35. What is the highest common factor of b and o?
7
Suppose -1036 = -20*x - 616. What is the highest common divisor of 93 and x?
3
Let g be 15*(-3)/30*((-1014)/9)/1. What is the greatest common factor of 25 and g?
1
Suppose -371 = -5*j + c, 3*j = 5*j - 5*c - 153. Calculate the greatest common factor of j and 333.
37
Let l(g) = -15*g + 30. Let s(z) = -z + 7. Let c be s(17). Let d be l(c). What is the highest common divisor of 40 and d?
20
Let z be (1344/60)/((-5)/(-100)). Let y(p) = -4*p + 20. Let v be y(-11). What is the highest common divisor of v and z?
64
Let v = -26517 + 26525. What is the greatest common divisor of v and 3464?
8
Let z = -39 + 41. Suppose 0 = -z*o - 20 - 64. Let x = o + 63. What is the greatest common factor of x and 3?
3
Let k = -1642 + 1602. Let n be -1*((2 - 2) + 42). Let b = k - n. Calculate the highest common factor of b and 16.
2
Let a(z) = -25*z + 1545. Let t be a(-24). What is the greatest common divisor of t and 39?
39
Suppose i - 226 = -4*p, 210 = 5*p + 5*i - 80. Let c = -303 - -711. Let f = c - 366. What is the highest common factor of f and p?
14
Suppose -10*b = 20*b. Suppose -2*r + b*r = w - 205, 412 = 4*r + 4*w. Calculate the highest common divisor of r and 136.
34
Let g = 17 + -12. Let n(y) = -4*y. Let c be n(g). Let w be c/15*(-1 - (-39)/(-6)). What is the highest common factor of w and 110?
10
Suppose 2*d - 6 = a, -a - 4 - 10 = -4*d. What is the highest common divisor of d and 38?
2
Let i = -10091 + 10499. What is the greatest common factor of i and 20?
4
Suppose 100*i - 106 = 4 - 10. What is the highest common factor of 239 and i?
1
Let u(v) = 3*v**3 + 53*v**2 + 9*v + 7. Let i be u(-3). Calculate the greatest common factor of 32 and i.
8
Let t be 2*(-7 - (-1815)/(-10)). Let r = t + 412. Calculate the highest common divisor of 560 and r.
35
Suppose -5*k + 699 = -826. What is the highest common factor of k and 1037?
61
Suppose -5*u + 2*x + 9457 = 347, -4*u + 7295 = -3*x. What is the highest common factor of 40 and u?
20
Suppose 265*j - 86827 = 31893. What is the greatest common divisor of j and 10864?
112
Let o = -24682 - -25881. What is the highest common divisor of 11 and o?
11
Suppose -4*a + 3222 - 599 = 3*h, 664 = a - 2*h. Calculate the greatest common factor of a and 42.
14
Suppose -5*f = -3*a + 6*a + 95, 0 = 3*f + 5*a + 41. Let b be -3 - (-1)/(-2)*f. What is the highest common factor of 184 and b?
8
Suppose -38 = -2*t + 4*j, 212*t = 214*t + 4*j - 6. Calculate the greatest common factor of 9 and t.
1
Suppose 89692 = -5*b - r - 3*r, -4*b + 3*r = 71735. Let w be 8/(-20) + b/(-40). What is the highest common divisor of w and 28?
28
Suppose 2*l + 0*l = 2*c + 1922, -5*c = 10. Suppose -15*j + 166 = -l. Calculate the greatest common factor of 30 and j.
15
Let x be 9/12*(2/2 - -3). Suppose -221 = 3*b + 2*u - 2123, x*b - 3*u = 1917. What is the highest common divisor of b and 12?
12
Let p(x) = -19*x**2 - 14. Let g be p(4). Let k = 324 + g. Calculate the greatest common factor of k and 111.
3
Let q(c) = -24*c + 122. Let k be q(5). Suppose -3*f - 5*t = -k*f - 15, 2*f = -2*t + 14. What is the highest common divisor of f and 155?
5
Suppose 0 = -3*w - 5*r + 3*r + 5, 3*w = -r + 10. Suppose -3*y = w*y - 4968. What is the highest common divisor of y and 69?
69
Let l = 1252 - 1049. Calculate the highest common factor of l and 91.
7
Suppose 29*g - 28*g - 90 = 0. Suppose 10*b - 430 - g = 0. Calculate the greatest common divisor of b and 65.
13
Suppose -3*c - 5*i - 70 = 27, -3*c - 2*i = 100. Let k be 6/(-4)*(-5)/((-15)/c). Calculate the greatest common factor of k and 34.
17
Let f be 1/(-2 - (-21)/9). Suppose -t + y = -15, 0*t - f*t = 3*y - 27. Suppose -3*x + x + 72 = 0. What is the highest common divisor of x and t?
12
Let t(y) be the first derivative of -y**3/3 - y**2/2 + 17*y - 1. Let k = 680 - 680. Let b be t(k). Calculate the greatest common divisor of 68 and b.
17
Let n be ((-3600)/350)/(4/(-14)). Suppose 5*r + 3*z - 27 + 4 = 0, 5*r + 4*z = 24. Suppose 2*x - r - 4 = 0. What is the greatest common factor of x and n?
4
Let c(s) = 5932*s + 34. Let m be c(1). What is the greatest common factor of 38 and m?
38
Let z(r) = -6*r + 9. Let l(o) = o**2 + 20*o + 49. Let f be l(-17). Let q be z(f). What is the highest common factor of q and 42?
21
Let z = 1696 - 1016. What is the highest common factor of 510 and z?
170
Let g be ((-5)/10)/((-5)/140). Let q(m) = -2*m**2 + 28*m + 36. Let f be q(g). What is the highest common divisor of 8 and f?
4
Suppose -2*t = -6*t, -4*o - 12 = -3*t. Let z be (-4)/o*-1*(5 + -32). What is the highest common divisor of z and 126?
18
Let v = 54203 + -54015. Suppose -15 = -5*z + 5. Calculate the highest common factor of v and z.
4
Let j be -5*1*(0 + -21 + 1). Suppose 21*i - 604 = -j. Calculate the greatest common divisor of i and 9.
3
Let h = 71 + -86. Let w be 5/(1 + 18/h). Let t = 53 + w. What is the highest common divisor of t and 42?
14
Suppose 3*k = 32*w - 31*w - 697, -2*w = 2*k - 1410. Calculate the greatest common factor of w and 152.
19
Let o(g) = -27*g**2 - 686*g - 5. Let r be o(-25). Calculate the greatest common factor of 390 and r.
30
Let t = 379 + -270. Let h = 129 - t. Calculate the greatest common factor of h and 35.
5
Let g = -3085 + 3121. Let w be 40/7 + (-2)/(-7). Let n = g - w. What is the highest common factor of n and 20?
10
Let o(u) = -11 + u**2 + 1 - 8 - 36 - 5 - 3*u. Let n be o(10). Calculate the greatest common divisor of n and 297.
11
Let o = -16 - -9. Let m = o + 11. Let u = -826 - -827. Calculate the greatest common divisor of u and m.
1
Let n = 1 - -3. Let x(r) = -r**3 + 9*r**2 - 7*r + 48. Let s be x(8). Suppose -6*g = -n*g - s. What is the greatest common divisor of g and 4?
4
Let s be (-1 - -2)*(-1 - 4/(-2)). Let q be (s/(-1))/((-296)/48 - -6). Let k be -1 - -22 - q/2. Calculate the highest common factor of 18 and k.
18
Let b(o) = -33*o - 683. Let y be b(-27). Calculate the greatest common divisor of y and 182.
26
Let n be ((-504)/(-18) - 489)/(1 - (-10)/(-9)). What is the greatest common factor of n and 9?
9
Suppose -445 = -3*m + 866. Let k = m + -416. What is the highest common divisor of 567 and k?
21
Suppose -14*a = 4*o - 10*a - 564, 3*a = -o + 133. Suppose -2*t - 3*y = -o - 734, -3*t + 1347 = -5*y. Calculate the highest common divisor of 12 and t.
12
Suppose -7 = 3*g - 13. Suppose 0*z = z + g*z. Suppose -r - 2*p + 12 = z, 0 = 3*r - 3*p - 2*p + 8. What is the highest common divisor of r and 44?
4
Let c = -126 + 195. Let l = 2444 + -2352. Calculate the greatest common factor of c and l.
23
Let k(i) = -i**3 + 44*i**2 - 34*i - 217. Let c be k(43). Calculate the greatest common factor of c and 50.
10
Let p(o) = 314*o**2 - 7*o - 2. Suppose 3*g + 16 = -f, 17 = -2*f - 12*g + 9*g. Let b be p(f). Calculate the highest common factor of 29 and b.
29
Let l(h) = 24*h + 645. Let x be l(41). What is the greatest common divisor of 72 and x?
9
Suppose 47 - 97 = -5*w - 2*o, 5*w = o + 35. Calculate the highest common divisor of 2504 and w.
8
Suppose 174 = 2*h + 3*y - 168, -2*y = 2*h - 338. What is the highest common factor of 60 and h?
15
Let d = 451 + -258. Suppose d = 8*z + 65. What is the highest common divisor of 368 and z?
16
Let w(l) = 135*l - 515. Let b be w(4). What is the greatest common factor of 1600 and b?
25
Let r = 86 - 82. Suppose r*l = -y - 10 + 104, -y = -3*l - 94. Suppose 6*f - 74 = y. What is the greatest common divisor of 140 and f?
28
Suppose -4*t - 3*